{"id":6,"date":"2024-07-17T10:32:06","date_gmt":"2024-07-17T10:32:06","guid":{"rendered":"https:\/\/vn88.id\/?page_id=6"},"modified":"2024-10-07T14:07:42","modified_gmt":"2024-10-07T07:07:42","slug":"homepage","status":"publish","type":"page","link":"https:\/\/vn88.id\/","title":{"rendered":"VN88 \u2013 Link v\u00e0o VN88 m\u1edbi nh\u1ea5t &#8211; \u0110\u0103ng k\u00fd nh\u1eadn 88K\u26a1\ufe0f"},"content":{"rendered":"<p><b>VN88<\/b><span style=\"font-weight: 400;\"> l\u00e0 m\u1ed9t trong nh\u1eefng nh\u00e0 c\u00e1i c\u00e1 c\u01b0\u1ee3c tr\u1ef1c tuy\u1ebfn uy t\u00edn v\u00e0 ph\u1ed5 bi\u1ebfn nh\u1ea5t t\u1ea1i Vi\u1ec7t Nam. \u0110\u01b0\u1ee3c th\u00e0nh l\u1eadp n\u0103m 2019, v\u1edbi m\u1ee5c ti\u00eau mang \u0111\u1ebfn cho ng\u01b0\u1eddi ch\u01a1i m\u1ed9t s\u00e2n ch\u01a1i c\u00e1 c\u01b0\u1ee3c an to\u00e0n v\u00e0 minh b\u1ea1ch, VN88 \u0111\u00e3 nhanh ch\u00f3ng tr\u1edf th\u00e0nh l\u1ef1a ch\u1ecdn h\u00e0ng \u0111\u1ea7u c\u1ee7a nh\u1eefng ng\u01b0\u1eddi y\u00eau th\u00edch c\u00e1 c\u01b0\u1ee3c tr\u1ef1c tuy\u1ebfn.<\/span><\/p>\n<h2 style=\"text-align: center;\"><b>Link v\u00e0o VN88 m\u1edbi nh\u1ea5t<\/b><\/h2>\n<p><span style=\"font-weight: 400;\">\u0110\u1ec3 truy c\u1eadp trang web ch\u00ednh th\u1ee9c c\u1ee7a VN88 t\u1ea1i Vi\u1ec7t Nam, ng\u01b0\u1eddi ch\u01a1i n\u00ean s\u1eed d\u1ee5ng \u0111\u01b0\u1eddng link VN88 m\u1edbi nh\u1ea5t m\u00e0 ch\u00fang t\u00f4i cung c\u1ea5p d\u01b0\u1edbi \u0111\u00e2y. Nh\u1eefng \u0111\u01b0\u1eddng link n\u00e0y \u0111\u01b0\u1ee3c c\u1eadp nh\u1eadt th\u01b0\u1eddng xuy\u00ean n\u00ean \u0111\u1ea3m b\u1ea3o kh\u00f4ng b\u1ecb ch\u1eb7n. Ng\u01b0\u1eddi ch\u01a1i c\u00f3 th\u1ec3 d\u1ec5 d\u00e0ng truy c\u1eadp VN88 qua c\u00e1c thi\u1ebft b\u1ecb m\u00e1y t\u00ednh, \u0111i\u1ec7n tho\u1ea1i di \u0111\u1ed9ng ho\u1eb7c m\u00e1y t\u00ednh b\u1ea3ng. Ngo\u00e0i ra, VN88 c\u00f2n ph\u00e1t tri\u1ec3n \u1ee9ng d\u1ee5ng di \u0111\u1ed9ng d\u00e0nh ri\u00eang cho c\u00e1c thi\u1ebft b\u1ecb\u00a0 iOS v\u00e0 Android, gi\u00fap ng\u01b0\u1eddi ch\u01a1i c\u00f3 th\u1ec3 truy c\u1eadp v\u00e0 \u0111\u1eb7t c\u01b0\u1ee3c m\u1ecdi l\u00fac, m\u1ecdi n\u01a1i.<\/span><\/p>\n<p style=\"text-align: center;\"><b>Link v\u00e0o VN88 m\u1edbi nh\u1ea5t kh\u00f4ng b\u1ecb ch\u1eb7n<\/b><\/p>\n<p style=\"text-align: center;\"><b>VN88.com &#8211; VN888 &#8211; VN88 Pro &#8211; VN88bet &#8211; m.VN88 &#8211; VN88 link<\/b><\/p>\n<h2 style=\"text-align: center;\"><b>T\u1ea1i sao n\u00ean ch\u1ecdn trang web c\u00e1 c\u01b0\u1ee3c VN88?<\/b><\/h2>\n<h3><b>1. \u0110a d\u1ea1ng s\u1ea3n ph\u1ea9m c\u00e1 c\u01b0\u1ee3c<\/b><\/h3>\n<p><span style=\"font-weight: 400;\">VN88 cung c\u1ea5p danh m\u1ee5c tr\u00f2 ch\u01a1i \u0111a d\u1ea1ng, bao g\u1ed3m: c\u00e1 c\u01b0\u1ee3c th\u1ec3 thao, Esports, casino tr\u1ef1c tuy\u1ebfn, x\u1ed5 s\u1ed1, slot game v\u00e0 nhi\u1ec1u tr\u00f2 ch\u01a1i h\u1ea5p d\u1eabn kh\u00e1c. \u0110\u1ed1i v\u1edbi nh\u1eefng ng\u01b0\u1eddi \u0111am m\u00ea th\u1ec3 thao, VN88 cho ph\u00e9p tham gia \u0111\u1eb7t c\u01b0\u1ee3c v\u00e0o m\u1ecdi s\u1ef1 ki\u1ec7n th\u1ec3 thao tr\u00ean to\u00e0n th\u1ebf gi\u1edbi, v\u1edbi \u0111\u1ea7y \u0111\u1ee7 c\u00e1c m\u00f4n th\u1ec3 thao ph\u1ed5 bi\u1ebfn nh\u01b0 b\u00f3ng \u0111\u00e1, b\u00f3ng r\u1ed5, b\u00f3ng chuy\u1ec1n, qu\u1ea7n v\u1ee3t, b\u00f3ng b\u00e0n,&#8230; M\u1ed7i tr\u1eadn \u0111\u1ea5u \u0111\u1ec1u \u0111\u01b0\u1ee3c cung c\u1ea5p k\u00e8o c\u01b0\u1ee3c phong ph\u00fa, t\u1ef7 l\u1ec7 c\u01b0\u1ee3c c\u1ea1nh tranh, mang \u0111\u1ebfn cho ng\u01b0\u1eddi ch\u01a1i nh\u1eefng c\u01a1 h\u1ed9i chi\u1ebfn th\u1eafng t\u1ed1i \u01b0u.<\/span><\/p>\n<p style=\"text-align: center;\"><img loading=\"lazy\" decoding=\"async\" class=\"alignnone wp-image-113 size-large\" src=\"https:\/\/vn88.id\/wp-content\/uploads\/2024\/10\/game-vn88-1024x550.jpg\" alt=\"game vn88\" width=\"1024\" height=\"550\" srcset=\"https:\/\/vn88.id\/wp-content\/uploads\/2024\/10\/game-vn88-1024x550.jpg 1024w, https:\/\/vn88.id\/wp-content\/uploads\/2024\/10\/game-vn88-300x161.jpg 300w, https:\/\/vn88.id\/wp-content\/uploads\/2024\/10\/game-vn88-768x413.jpg 768w, https:\/\/vn88.id\/wp-content\/uploads\/2024\/10\/game-vn88.jpg 1200w\" sizes=\"auto, (max-width: 1024px) 100vw, 1024px\" \/><\/p>\n<p><span style=\"font-weight: 400;\">B\u00ean c\u1ea1nh \u0111\u00f3, VN88 c\u00f2n n\u1ed5i b\u1eadt v\u1edbi h\u00e0ng tr\u0103m tr\u00f2 ch\u01a1i casino \u0111\u1eb3ng c\u1ea5p nh\u01b0 Baccarat, Blackjack, Dragon Tiger, Roulette, Sicbo,&#8230; C\u00e1c s\u1ea3nh casino \u0111\u01b0\u1ee3c thi\u1ebft k\u1ebf hi\u1ec7n \u0111\u1ea1i, video ch\u1ea5t l\u01b0\u1ee3ng cao v\u00e0 \u0111\u1ec1u c\u00f3 ng\u01b0\u1eddi chia b\u00e0i th\u1eadt t\u1ea1o ra tr\u1ea3i nghi\u1ec7m ch\u00e2n th\u1ef1c v\u00e0 s\u1ed1ng \u0111\u1ed9ng. N\u1ebfu y\u00eau th\u00edch slot game, b\u1ea1n c\u00f3 th\u1ec3 tham gia h\u00e0ng ngh\u00ecn tr\u00f2 ch\u01a1i slot v\u1edbi nhi\u1ec1u ch\u1ee7 \u0111\u1ec1 kh\u00e1c nhau. C\u00e1c tr\u00f2 ch\u01a1i m\u1edbi \u0111\u01b0\u1ee3c c\u1eadp nh\u1eadt li\u00ean t\u1ee5c, mang \u0111\u1ebfn cho ng\u01b0\u1eddi ch\u01a1i s\u1ef1 l\u1ef1a ch\u1ecdn phong ph\u00fa v\u00e0 ph\u00f9 h\u1ee3p v\u1edbi m\u1ecdi s\u1edf th\u00edch.<\/span><\/p>\n<h3><b>2. Giao di\u1ec7n th\u00e2n thi\u1ec7n v\u00e0 d\u1ec5 s\u1eed d\u1ee5ng<\/b><\/h3>\n<p><span style=\"font-weight: 400;\">Trang web VN88 \u0111\u01b0\u1ee3c thi\u1ebft k\u1ebf hi\u1ec7n \u0111\u1ea1i, giao di\u1ec7n th\u00e2n thi\u1ec7n v\u1edbi ng\u01b0\u1eddi d\u00f9ng v\u00e0 d\u1ec5 s\u1eed d\u1ee5ng, mang l\u1ea1i tr\u1ea3i nghi\u1ec7m m\u01b0\u1ee3t m\u00e0 cho ng\u01b0\u1eddi d\u00f9ng. VN88 s\u1eed d\u1ee5ng m\u00e0u s\u1eafc h\u00e0i ho\u00e0, h\u00ecnh \u1ea3nh ch\u1ea5t l\u01b0\u1ee3ng cao, t\u1ea1o c\u1ea3m gi\u00e1c chuy\u00ean nghi\u1ec7p v\u00e0 h\u1ea5p d\u1eabn ngay t\u1eeb c\u00e1i nh\u00ecn \u0111\u1ea7u ti\u00ean. C\u00e1c danh m\u1ee5c tr\u00f2 ch\u01a1i v\u00e0 t\u00ednh n\u0103ng tr\u00ean trang web \u0111\u01b0\u1ee3c s\u1eafp x\u1ebfp m\u1ed9t c\u00e1ch khoa h\u1ecdc, gi\u00fap ng\u01b0\u1eddi ch\u01a1i d\u1ec5 d\u00e0ng truy c\u1eadp v\u00e0 \u0111i\u1ec1u h\u01b0\u1edbng. \u0110\u1eb7c bi\u1ec7t, giao di\u1ec7n website VN88 t\u01b0\u01a1ng th\u00edch v\u1edbi m\u1ecdi thi\u1ebft b\u1ecb m\u00e1y t\u00ednh, \u0111i\u1ec7n tho\u1ea1i di \u0111\u1ed9ng v\u00e0 m\u00e1y t\u00ednh b\u1ea3ng.\u00a0 Ngo\u00e0i ra, VN88 c\u00f2n c\u00f3 \u1ee9ng d\u1ee5ng di \u0111\u1ed9ng d\u00e0nh ri\u00eang cho thi\u1ebft b\u1ecb iOS v\u00e0 Android, cho ph\u00e9p ng\u01b0\u1eddi ch\u01a1i truy c\u1eadp v\u00e0 \u0111\u1eb7t c\u01b0\u1ee3c \u1edf m\u1ecdi n\u01a1i.<\/span><\/p>\n<h3><b>3. Khuy\u1ebfn m\u00e3i v\u00e0 \u01b0u \u0111\u00e3i h\u1ea5p d\u1eabn<\/b><\/h3>\n<p><span style=\"font-weight: 400;\">VN88 th\u01b0\u1eddng xuy\u00ean c\u1eadp nh\u1eadt c\u00e1c ch\u01b0\u01a1ng tr\u00ecnh khuy\u1ebfn m\u00e3i h\u1ea5p d\u1eabn d\u00e0nh cho ng\u01b0\u1eddi ch\u01a1i nh\u01b0: th\u01b0\u1edfng ch\u00e0o m\u1eebng, khuy\u1ebfn m\u00e3i n\u1ea1p ti\u1ec1n, ho\u00e0n tr\u1ea3 ti\u1ec1n c\u01b0\u1ee3c v\u00e0 nhi\u1ec1u \u01b0u \u0111\u00e3i kh\u00e1c. M\u1ed9t s\u1ed1 ch\u01b0\u01a1ng tr\u00ecnh khuy\u1ebfn m\u00e3i n\u1ed5i b\u1eadt c\u00f3 th\u1ec3 k\u1ec3 \u0111\u1ebfn nh\u01b0:<\/span><\/p>\n<p style=\"text-align: center;\"><img loading=\"lazy\" decoding=\"async\" class=\"alignnone wp-image-114 size-large\" src=\"https:\/\/vn88.id\/wp-content\/uploads\/2024\/10\/khuyen-mai-vn88-1024x419.jpg\" alt=\"khuyen mai vn88\" width=\"1024\" height=\"419\" srcset=\"https:\/\/vn88.id\/wp-content\/uploads\/2024\/10\/khuyen-mai-vn88-1024x419.jpg 1024w, https:\/\/vn88.id\/wp-content\/uploads\/2024\/10\/khuyen-mai-vn88-300x123.jpg 300w, https:\/\/vn88.id\/wp-content\/uploads\/2024\/10\/khuyen-mai-vn88-768x314.jpg 768w, https:\/\/vn88.id\/wp-content\/uploads\/2024\/10\/khuyen-mai-vn88.jpg 1100w\" sizes=\"auto, (max-width: 1024px) 100vw, 1024px\" \/><\/p>\n<ul>\n<li style=\"font-weight: 400;\" aria-level=\"1\"><span style=\"font-weight: 400;\">T\u1eb7ng 88K ti\u1ec1n c\u01b0\u1ee3c mi\u1ec5n ph\u00ed khi \u0111\u0103ng k\u00fd t\u00e0i kho\u1ea3n VN88 v\u00e0 x\u00e1c nh\u1eadn t\u00e0i kho\u1ea3n th\u00e0nh c\u00f4ng.<\/span><\/li>\n<li style=\"font-weight: 400;\" aria-level=\"1\"><span style=\"font-weight: 400;\">Nh\u1eadn ngay 50K ti\u1ec1n c\u01b0\u1ee3c mi\u1ec5n ph\u00ed khi t\u1ea3i v\u00e0 c\u00e0i \u0111\u1eb7t \u1ee9ng d\u1ee5ng VN88 v\u1ec1 \u0111i\u1ec7n tho\u1ea1i th\u00e0nh c\u00f4ng.<\/span><\/li>\n<li style=\"font-weight: 400;\" aria-level=\"1\"><span style=\"font-weight: 400;\">Th\u01b0\u1edfng 50K d\u00e0nh cho c\u00e1c th\u00e0nh vi\u00ean khi \u0111\u0103ng k\u00fd v\u00e0 g\u1eedi ti\u1ec1n l\u1ea7n \u0111\u1ea7u ti\u00ean tr\u00ean phi\u00ean b\u1ea3n di \u0111\u1ed9ng c\u1ee7a VN88.<\/span><\/li>\n<li style=\"font-weight: 400;\" aria-level=\"1\"><span style=\"font-weight: 400;\">Th\u01b0\u1edfng ch\u00e0o m\u1eebng 100% l\u00ean \u0111\u1ebfn 6.150.000 \u0111 d\u00e0nh cho c\u00e1c th\u00e0nh vi\u00ean khi tham gia c\u00e1 c\u01b0\u1ee3c th\u1ec3 thao, Esports, Casino, slot, x\u1ed5 s\u1ed1 tr\u00ean VN88.<\/span><\/li>\n<li style=\"font-weight: 400;\" aria-level=\"1\"><span style=\"font-weight: 400;\">Th\u01b0\u1edfng n\u1ea1p l\u1ea1i 10% m\u1ed7i ng\u00e0y t\u1ea1i Th\u1ec3 Thao, Casino, Slot.<\/span><\/li>\n<li style=\"font-weight: 400;\" aria-level=\"1\"><span style=\"font-weight: 400;\">Ho\u00e0n tr\u1ea3 ti\u1ec1n c\u01b0\u1ee3c h\u00e0ng ng\u00e0y l\u00ean \u0111\u1ebfn 0,3% t\u1ea1i Th\u1ec3 Thao, 0,8% t\u1ea1i Casino v\u00e0 B\u1eafn C\u00e1, 1% t\u1ea1i Slot,&#8230;<\/span><\/li>\n<\/ul>\n<h3><b>4. D\u1ecbch v\u1ee5 kh\u00e1ch h\u00e0ng chuy\u00ean nghi\u1ec7p<\/b><\/h3>\n<p><span style=\"font-weight: 400;\">VN88 s\u1edf h\u1eefu \u0111\u1ed9i ng\u0169 ch\u0103m s\u00f3c kh\u00e1ch h\u00e0ng chuy\u00ean nghi\u1ec7p, lu\u00f4n s\u1eb5n s\u00e0ng ph\u1ee5c v\u1ee5 24\/7, v\u00e0 gi\u1ea3i \u0111\u00e1p m\u1ecdi th\u1eafc m\u1eafc c\u1ee7a ng\u01b0\u1eddi ch\u01a1i m\u1ed9t c\u00e1ch nhanh ch\u00f3ng v\u00e0 hi\u1ec7u qu\u1ea3 nh\u1ea5t. B\u1ea5t c\u1ee9 khi n\u00e0o c\u1ea7n h\u1ed7 tr\u1ee3, b\u1ea1n c\u00f3 th\u1ec3 li\u00ean h\u1ec7 v\u1edbi nh\u00e2n vi\u00ean t\u01b0 v\u1ea5n c\u1ee7a VN88 th\u00f4ng qua nhi\u1ec1u k\u00eanh li\u00ean l\u1ea1c kh\u00e1c nhau nh\u01b0:<\/span><\/p>\n<ul>\n<li style=\"font-weight: 400;\" aria-level=\"1\"><span style=\"font-weight: 400;\">Live Chat\u00a0<\/span><\/li>\n<li style=\"font-weight: 400;\" aria-level=\"1\"><span style=\"font-weight: 400;\">Email: vninfo@vn88.com<\/span><\/li>\n<li style=\"font-weight: 400;\" aria-level=\"1\"><span style=\"font-weight: 400;\">Telegram: <\/span><a href=\"https:\/\/t.me\/csvn88leader\"><span style=\"font-weight: 400;\">@csvn88leader<\/span><\/a><\/li>\n<li style=\"font-weight: 400;\" aria-level=\"1\"><span style=\"font-weight: 400;\">Hotline: (+44) 1174059612<\/span><\/li>\n<\/ul>\n<h2 style=\"text-align: center;\"><b>K\u1ebft lu\u1eadn<\/b><\/h2>\n<p><span style=\"font-weight: 400;\">VN88 l\u00e0 m\u1ed9t trong nh\u1eefng nh\u00e0 c\u00e1i \u0111\u00e1ng tin c\u1eady v\u00e0 ch\u1ea5t l\u01b0\u1ee3ng h\u00e0ng \u0111\u1ea7u t\u1ea1i th\u1ecb tr\u01b0\u1eddng Vi\u1ec7t Nam. V\u1edbi nh\u1eefng \u01b0u \u0111i\u1ec3m v\u01b0\u1ee3t tr\u1ed9i v\u1ec1 s\u1ea3n ph\u1ea9m \u0111a d\u1ea1ng, giao di\u1ec7n th\u00e2n thi\u1ec7n, d\u1ecbch v\u1ee5 chuy\u00ean nghi\u1ec7p, ch\u01b0\u01a1ng tr\u00ecnh khuy\u1ebfn m\u00e3i h\u1ea5p d\u1eabn v\u00e0 ph\u01b0\u01a1ng th\u1ee9c thanh to\u00e1n linh ho\u1ea1t, VN88 x\u1ee9ng \u0111\u00e1ng l\u00e0 l\u1ef1a ch\u1ecdn h\u00e0ng \u0111\u1ea7u cho nh\u1eefng ai \u0111am m\u00ea c\u00e1 c\u01b0\u1ee3c v\u00e0 gi\u1ea3i tr\u00ed tr\u1ef1c tuy\u1ebfn. H\u00e3y \u0111\u0103ng k\u00fd VN88 ngay h\u00f4m nay \u0111\u1ec3 tr\u1ea3i nghi\u1ec7m s\u00e2n ch\u01a1i c\u00e1 c\u01b0\u1ee3c \u0111\u1eb3ng c\u1ea5p v\u00e0 gi\u00e0nh nh\u1eefng ph\u1ea7n th\u01b0\u1edfng h\u1ea5p d\u1eabn.<\/span><\/p>\n","protected":false},"excerpt":{"rendered":"<p>VN88 l\u00e0 m\u1ed9t trong nh\u1eefng nh\u00e0 c\u00e1i c\u00e1 c\u01b0\u1ee3c tr\u1ef1c tuy\u1ebfn uy t\u00edn v\u00e0 ph\u1ed5 bi\u1ebfn nh\u1ea5t t\u1ea1i Vi\u1ec7t Nam. \u0110\u01b0\u1ee3c th\u00e0nh l\u1eadp n\u0103m 2019, v\u1edbi m\u1ee5c ti\u00eau mang \u0111\u1ebfn cho ng\u01b0\u1eddi ch\u01a1i m\u1ed9t s\u00e2n ch\u01a1i c\u00e1 c\u01b0\u1ee3c an to\u00e0n v\u00e0 minh b\u1ea1ch, VN88 \u0111\u00e3 nhanh ch\u00f3ng tr\u1edf th\u00e0nh l\u1ef1a ch\u1ecdn h\u00e0ng \u0111\u1ea7u c\u1ee7a nh\u1eefng [&hellip;]<\/p>\n","protected":false},"author":1,"featured_media":112,"parent":0,"menu_order":0,"comment_status":"closed","ping_status":"closed","template":"templates\/home.php","meta":{"_acf_changed":false,"footnotes":""},"class_list":["post-6","page","type-page","status-publish","has-post-thumbnail","hentry"],"acf":[],"yoast_head":"<!-- This site is optimized with the Yoast SEO plugin v23.0 - https:\/\/yoast.com\/wordpress\/plugins\/seo\/ -->\n<title>VN88 \u2013 Link v\u00e0o VN88 m\u1edbi nh\u1ea5t - \u0110\u0103ng k\u00fd nh\u1eadn 88K\u26a1\ufe0f<\/title>\n<meta name=\"description\" content=\"VN88 l\u00e0 trang web c\u00e1 c\u01b0\u1ee3c tr\u1ef1c tuy\u1ebfn h\u00e0ng \u0111\u1ea7u t\u1ea1i Vi\u1ec7t Nam, n\u1ed5i b\u1eadt v\u1edbi tr\u00f2 ch\u01a1i \u0111a d\u1ea1ng, khuy\u1ebfn m\u00e3i h\u1ea5p d\u1eabn. Truy c\u1eadp link v\u00e0o VN88 m\u1edbi nh\u1ea5t ngay!\" \/>\n<meta name=\"robots\" content=\"index, follow, max-snippet:-1, max-image-preview:large, max-video-preview:-1\" \/>\n<link rel=\"canonical\" href=\"https:\/\/vn88.id\/\" \/>\n<meta property=\"og:locale\" content=\"vi_VN\" \/>\n<meta property=\"og:type\" content=\"article\" \/>\n<meta property=\"og:title\" content=\"VN88 \u2013 Link v\u00e0o VN88 m\u1edbi nh\u1ea5t - \u0110\u0103ng k\u00fd nh\u1eadn 88K\u26a1\ufe0f\" \/>\n<meta property=\"og:description\" content=\"VN88 l\u00e0 trang web c\u00e1 c\u01b0\u1ee3c tr\u1ef1c tuy\u1ebfn h\u00e0ng \u0111\u1ea7u t\u1ea1i Vi\u1ec7t Nam, n\u1ed5i b\u1eadt v\u1edbi tr\u00f2 ch\u01a1i \u0111a d\u1ea1ng, khuy\u1ebfn m\u00e3i h\u1ea5p d\u1eabn. Truy c\u1eadp link v\u00e0o VN88 m\u1edbi nh\u1ea5t ngay!\" \/>\n<meta property=\"og:url\" content=\"https:\/\/vn88.id\/\" \/>\n<meta property=\"og:site_name\" content=\"VN88\" \/>\n<meta property=\"article:modified_time\" content=\"2024-10-07T07:07:42+00:00\" \/>\n<meta property=\"og:image\" content=\"https:\/\/vn88.id\/wp-content\/uploads\/2024\/10\/vn88.jpg\" \/>\n\t<meta property=\"og:image:width\" content=\"1200\" \/>\n\t<meta property=\"og:image:height\" content=\"532\" \/>\n\t<meta property=\"og:image:type\" content=\"image\/jpeg\" \/>\n<meta name=\"twitter:card\" content=\"summary_large_image\" \/>\n<meta name=\"twitter:label1\" content=\"\u01af\u1edbc t\u00ednh th\u1eddi gian \u0111\u1ecdc\" \/>\n\t<meta name=\"twitter:data1\" content=\"5 ph\u00fat\" \/>\n<script type=\"application\/ld+json\" class=\"yoast-schema-graph\">{\"@context\":\"https:\/\/schema.org\",\"@graph\":[{\"@type\":\"WebPage\",\"@id\":\"https:\/\/vn88.id\/\",\"url\":\"https:\/\/vn88.id\/\",\"name\":\"VN88 \u2013 Link v\u00e0o VN88 m\u1edbi nh\u1ea5t - \u0110\u0103ng k\u00fd nh\u1eadn 88K\u26a1\ufe0f\",\"isPartOf\":{\"@id\":\"https:\/\/vn88.id\/#website\"},\"primaryImageOfPage\":{\"@id\":\"https:\/\/vn88.id\/#primaryimage\"},\"image\":{\"@id\":\"https:\/\/vn88.id\/#primaryimage\"},\"thumbnailUrl\":\"https:\/\/vn88.id\/wp-content\/uploads\/2024\/10\/vn88.jpg\",\"datePublished\":\"2024-07-17T10:32:06+00:00\",\"dateModified\":\"2024-10-07T07:07:42+00:00\",\"description\":\"VN88 l\u00e0 trang web c\u00e1 c\u01b0\u1ee3c tr\u1ef1c tuy\u1ebfn h\u00e0ng \u0111\u1ea7u t\u1ea1i Vi\u1ec7t Nam, n\u1ed5i b\u1eadt v\u1edbi tr\u00f2 ch\u01a1i \u0111a d\u1ea1ng, khuy\u1ebfn m\u00e3i h\u1ea5p d\u1eabn. Truy c\u1eadp link v\u00e0o VN88 m\u1edbi nh\u1ea5t ngay!\",\"breadcrumb\":{\"@id\":\"https:\/\/vn88.id\/#breadcrumb\"},\"inLanguage\":\"vi\",\"potentialAction\":[{\"@type\":\"ReadAction\",\"target\":[\"https:\/\/vn88.id\/\"]}]},{\"@type\":\"ImageObject\",\"inLanguage\":\"vi\",\"@id\":\"https:\/\/vn88.id\/#primaryimage\",\"url\":\"https:\/\/vn88.id\/wp-content\/uploads\/2024\/10\/vn88.jpg\",\"contentUrl\":\"https:\/\/vn88.id\/wp-content\/uploads\/2024\/10\/vn88.jpg\",\"width\":1200,\"height\":532,\"caption\":\"vn88\"},{\"@type\":\"BreadcrumbList\",\"@id\":\"https:\/\/vn88.id\/#breadcrumb\",\"itemListElement\":[{\"@type\":\"ListItem\",\"position\":1,\"name\":\"Home\",\"item\":\"https:\/\/vn88.id\/\"},{\"@type\":\"ListItem\",\"position\":2,\"name\":\"VN88 \u2013 Link v\u00e0o VN88 m\u1edbi nh\u1ea5t &#8211; \u0110\u0103ng k\u00fd nh\u1eadn 88K\u26a1\ufe0f\"}]},{\"@type\":\"WebSite\",\"@id\":\"https:\/\/vn88.id\/#website\",\"url\":\"https:\/\/vn88.id\/\",\"name\":\"VN88\",\"description\":\"\",\"publisher\":{\"@id\":\"https:\/\/vn88.id\/#organization\"},\"potentialAction\":[{\"@type\":\"SearchAction\",\"target\":{\"@type\":\"EntryPoint\",\"urlTemplate\":\"https:\/\/vn88.id\/?s={search_term_string}\"},\"query-input\":\"required name=search_term_string\"}],\"inLanguage\":\"vi\"},{\"@type\":\"Organization\",\"@id\":\"https:\/\/vn88.id\/#organization\",\"name\":\"W69\",\"url\":\"https:\/\/vn88.id\/\",\"logo\":{\"@type\":\"ImageObject\",\"inLanguage\":\"vi\",\"@id\":\"https:\/\/vn88.id\/#\/schema\/logo\/image\/\",\"url\":\"https:\/\/vn88.id\/wp-content\/uploads\/2024\/09\/cropped-logo-vn88.png\",\"contentUrl\":\"https:\/\/vn88.id\/wp-content\/uploads\/2024\/09\/cropped-logo-vn88.png\",\"width\":577,\"height\":150,\"caption\":\"W69\"},\"image\":{\"@id\":\"https:\/\/vn88.id\/#\/schema\/logo\/image\/\"}}]}<\/script>\n<!-- \/ Yoast SEO plugin. -->","yoast_head_json":{"title":"VN88 \u2013 Link v\u00e0o VN88 m\u1edbi nh\u1ea5t - \u0110\u0103ng k\u00fd nh\u1eadn 88K\u26a1\ufe0f","description":"VN88 l\u00e0 trang web c\u00e1 c\u01b0\u1ee3c tr\u1ef1c tuy\u1ebfn h\u00e0ng \u0111\u1ea7u t\u1ea1i Vi\u1ec7t Nam, n\u1ed5i b\u1eadt v\u1edbi tr\u00f2 ch\u01a1i \u0111a d\u1ea1ng, khuy\u1ebfn m\u00e3i h\u1ea5p d\u1eabn. Truy c\u1eadp link v\u00e0o VN88 m\u1edbi nh\u1ea5t ngay!","robots":{"index":"index","follow":"follow","max-snippet":"max-snippet:-1","max-image-preview":"max-image-preview:large","max-video-preview":"max-video-preview:-1"},"canonical":"https:\/\/vn88.id\/","og_locale":"vi_VN","og_type":"article","og_title":"VN88 \u2013 Link v\u00e0o VN88 m\u1edbi nh\u1ea5t - \u0110\u0103ng k\u00fd nh\u1eadn 88K\u26a1\ufe0f","og_description":"VN88 l\u00e0 trang web c\u00e1 c\u01b0\u1ee3c tr\u1ef1c tuy\u1ebfn h\u00e0ng \u0111\u1ea7u t\u1ea1i Vi\u1ec7t Nam, n\u1ed5i b\u1eadt v\u1edbi tr\u00f2 ch\u01a1i \u0111a d\u1ea1ng, khuy\u1ebfn m\u00e3i h\u1ea5p d\u1eabn. Truy c\u1eadp link v\u00e0o VN88 m\u1edbi nh\u1ea5t ngay!","og_url":"https:\/\/vn88.id\/","og_site_name":"VN88","article_modified_time":"2024-10-07T07:07:42+00:00","og_image":[{"width":1200,"height":532,"url":"https:\/\/vn88.id\/wp-content\/uploads\/2024\/10\/vn88.jpg","type":"image\/jpeg"}],"twitter_card":"summary_large_image","twitter_misc":{"\u01af\u1edbc t\u00ednh th\u1eddi gian \u0111\u1ecdc":"5 ph\u00fat"},"schema":{"@context":"https:\/\/schema.org","@graph":[{"@type":"WebPage","@id":"https:\/\/vn88.id\/","url":"https:\/\/vn88.id\/","name":"VN88 \u2013 Link v\u00e0o VN88 m\u1edbi nh\u1ea5t - \u0110\u0103ng k\u00fd nh\u1eadn 88K\u26a1\ufe0f","isPartOf":{"@id":"https:\/\/vn88.id\/#website"},"primaryImageOfPage":{"@id":"https:\/\/vn88.id\/#primaryimage"},"image":{"@id":"https:\/\/vn88.id\/#primaryimage"},"thumbnailUrl":"https:\/\/vn88.id\/wp-content\/uploads\/2024\/10\/vn88.jpg","datePublished":"2024-07-17T10:32:06+00:00","dateModified":"2024-10-07T07:07:42+00:00","description":"VN88 l\u00e0 trang web c\u00e1 c\u01b0\u1ee3c tr\u1ef1c tuy\u1ebfn h\u00e0ng \u0111\u1ea7u t\u1ea1i Vi\u1ec7t Nam, n\u1ed5i b\u1eadt v\u1edbi tr\u00f2 ch\u01a1i \u0111a d\u1ea1ng, khuy\u1ebfn m\u00e3i h\u1ea5p d\u1eabn. Truy c\u1eadp link v\u00e0o VN88 m\u1edbi nh\u1ea5t ngay!","breadcrumb":{"@id":"https:\/\/vn88.id\/#breadcrumb"},"inLanguage":"vi","potentialAction":[{"@type":"ReadAction","target":["https:\/\/vn88.id\/"]}]},{"@type":"ImageObject","inLanguage":"vi","@id":"https:\/\/vn88.id\/#primaryimage","url":"https:\/\/vn88.id\/wp-content\/uploads\/2024\/10\/vn88.jpg","contentUrl":"https:\/\/vn88.id\/wp-content\/uploads\/2024\/10\/vn88.jpg","width":1200,"height":532,"caption":"vn88"},{"@type":"BreadcrumbList","@id":"https:\/\/vn88.id\/#breadcrumb","itemListElement":[{"@type":"ListItem","position":1,"name":"Home","item":"https:\/\/vn88.id\/"},{"@type":"ListItem","position":2,"name":"VN88 \u2013 Link v\u00e0o VN88 m\u1edbi nh\u1ea5t &#8211; \u0110\u0103ng k\u00fd nh\u1eadn 88K\u26a1\ufe0f"}]},{"@type":"WebSite","@id":"https:\/\/vn88.id\/#website","url":"https:\/\/vn88.id\/","name":"VN88","description":"","publisher":{"@id":"https:\/\/vn88.id\/#organization"},"potentialAction":[{"@type":"SearchAction","target":{"@type":"EntryPoint","urlTemplate":"https:\/\/vn88.id\/?s={search_term_string}"},"query-input":"required name=search_term_string"}],"inLanguage":"vi"},{"@type":"Organization","@id":"https:\/\/vn88.id\/#organization","name":"W69","url":"https:\/\/vn88.id\/","logo":{"@type":"ImageObject","inLanguage":"vi","@id":"https:\/\/vn88.id\/#\/schema\/logo\/image\/","url":"https:\/\/vn88.id\/wp-content\/uploads\/2024\/09\/cropped-logo-vn88.png","contentUrl":"https:\/\/vn88.id\/wp-content\/uploads\/2024\/09\/cropped-logo-vn88.png","width":577,"height":150,"caption":"W69"},"image":{"@id":"https:\/\/vn88.id\/#\/schema\/logo\/image\/"}}]}},"_links":{"self":[{"href":"https:\/\/vn88.id\/index.php?rest_route=\/wp\/v2\/pages\/6","targetHints":{"allow":["GET"]}}],"collection":[{"href":"https:\/\/vn88.id\/index.php?rest_route=\/wp\/v2\/pages"}],"about":[{"href":"https:\/\/vn88.id\/index.php?rest_route=\/wp\/v2\/types\/page"}],"author":[{"embeddable":true,"href":"https:\/\/vn88.id\/index.php?rest_route=\/wp\/v2\/users\/1"}],"replies":[{"embeddable":true,"href":"https:\/\/vn88.id\/index.php?rest_route=%2Fwp%2Fv2%2Fcomments&post=6"}],"version-history":[{"count":51,"href":"https:\/\/vn88.id\/index.php?rest_route=\/wp\/v2\/pages\/6\/revisions"}],"predecessor-version":[{"id":116,"href":"https:\/\/vn88.id\/index.php?rest_route=\/wp\/v2\/pages\/6\/revisions\/116"}],"wp:featuredmedia":[{"embeddable":true,"href":"https:\/\/vn88.id\/index.php?rest_route=\/wp\/v2\/media\/112"}],"wp:attachment":[{"href":"https:\/\/vn88.id\/index.php?rest_route=%2Fwp%2Fv2%2Fmedia&parent=6"}],"curies":[{"name":"wp","href":"https:\/\/api.w.org\/{rel}","templated":true}]}}